mber?
False
Is 420467 a prime number?
True
Is 233179 a composite number?
True
Is 20021371 composite?
True
Is 4059499 a composite number?
False
Is 2839609 composite?
True
Is 433363 a composite number?
True
Is 90735761 a composite number?
False
Is 17349295 prime?
False
Is 18683071 composite?
True
Is 2416391 a prime number?
True
Is 299062 a composite number?
True
Is 8099219 composite?
False
Is 24297241 a prime number?
True
Is 2183261 a prime number?
True
Is 105235387 composite?
False
Is 6255587 composite?
True
Is 370286119 a prime number?
False
Is 31260109 a prime number?
True
Is 2084575639 prime?
True
Is 15491831 composite?
True
Is 11195591 composite?
True
Is 825977 prime?
False
Is 381896987 composite?
True
Is 34566431 prime?
False
Is 95680141 prime?
False
Is 4958371 composite?
True
Is 613749 composite?
True
Is 1457411 composite?
False
Is 662791 composite?
True
Is 3665609 a composite number?
False
Is 26397737 a prime number?
True
Is 17657 prime?
True
Is 308312771 composite?
True
Is 3194743 a composite number?
False
Is 42802913 composite?
True
Is 6369926 prime?
False
Is 60720811 a prime number?
False
Is 596285933 a prime number?
True
Is 138267553 a composite number?
True
Is 205297 a prime number?
True
Is 4404373 prime?
False
Is 436023779 prime?
True
Is 1971967 composite?
False
Is 754213 a composite number?
True
Is 29413897 a composite number?
False
Is 246337349 a prime number?
True
Is 3445537 composite?
True
Is 24425879 prime?
True
Is 1375995813 prime?
False
Is 34219694 prime?
False
Is 108815323 prime?
False
Is 1354601 composite?
False
Is 313387351 composite?
True
Is 2567729 a prime number?
True
Is 55464709 prime?
False
Is 42642599 a prime number?
False
Is 320512547 composite?
False
Is 62233667 a prime number?
False
Is 4170911 a prime number?
True
Is 3673337 a prime number?
True
Is 55391951 a prime number?
True
Is 73591 a composite number?
True
Is 168223801 composite?
True
Is 39657511 a prime number?
True
Is 298854417 composite?
True
Is 51960071 prime?
True
Is 43522581 a prime number?
False
Is 6769949 a composite number?
True
Is 1408289 prime?
True
Is 362709389 composite?
True
Is 62532089 composite?
False
Is 38961253 prime?
True
Is 4954241 a composite number?
False
Is 327527 prime?
False
Is 91417 prime?
False
Is 318861827 a prime number?
False
Is 105230091 prime?
False
Is 66552887 a composite number?
False
Is 1034586979 composite?
True
Is 15484873 a prime number?
True
Is 32600397 composite?
True
Is 125364383 a prime number?
False
Is 183231641 a prime number?
True
Is 4052877 a prime number?
False
Is 1653227 a prime number?
True
Is 741927 prime?
False
Is 52219567 a prime number?
True
Is 312773 a composite number?
False
Is 93856237 a composite number?
False
Is 2584759 prime?
False
Is 26157119 composite?
True
Is 848135 a composite number?
True
Is 326857021 a composite number?
True
Is 5413153 a prime number?
False
Is 10179349 a prime number?
False
Is 2348003 a composite number?
True
Is 502130137 composite?
True
Is 1794113 composite?
True
Is 4070069 a composite number?
False
Is 63714893 prime?
False
Is 2104591 prime?
True
Is 21088903 prime?
False
Is 1663913 prime?
True
Is 2406091 prime?
True
Is 193566805 a composite number?
True
Is 21516827 composite?
False
Is 1278163 prime?
True
Is 162018659 a composite number?
True
Is 352877 a composite number?
True
Is 2142431 a prime number?
True
Is 79138231 a composite number?
True
Is 1679791 composite?
True
Is 21233 a composite number?
True
Is 1621465 prime?
False
Is 6790067 prime?
True
Is 708002 composite?
True
Is 80674669 prime?
True
Is 45655111 a prime number?
False
Is 7719067 composite?
False
Is 4207579 prime?
False
Is 3013 prime?
False
Is 82959995 a prime number?
False
Is 48283721 composite?
True
Is 2349637 a prime number?
True
Is 3204541 a prime number?
False
Is 20113453 a composite number?
False
Is 3793241 a composite number?
False
Is 3465029 prime?
True
Is 73046357 a composite number?
False
Is 8852093 a prime number?
True
Is 105344707 a prime number?
False
Is 5652233 a composite number?
True
Is 807689 prime?
True
Is 27195721 composite?
True
Is 240122381 composite?
False
Is 71740099 a composite number?
False
Is 8999603 a composite number?
True
Is 33058169 composite?
False
Is 715289 a prime number?
True
Is 5435629 composite?
False
Is 4245407 a prime number?
True
Is 62245147 a prime number?
True
Is 44327117 composite?
True
Is 217275533 composite?
False
Is 179119 a prime number?
True
Is 6773649 prime?
False
Is 3157753 a composite number?
True
Is 299149 a prime number?
False
Is 79541899 a prime number?
True
Is 9695891 a prime number?
True
Is 331771 a composite number?
True
Is 1402481999 a prime number?
True
Is 117184289 prime?
True
Is 9718181 composite?
True
Is 86922247 composite?
True
Is 144331 a composite number?
True
Is 1342729 composite?
True
Is 14808361 composite?
True
Is 1831103 a prime number?
True
Is 298014397 a composite number?
True
Is 8612297 a prime number?
False
Is 300983489 a composite number?
True
Is 3495779 prime?
False
Is 7835857 a composite number?
False
Is 8529907 prime?
False
Is 43945199 prime?
True
Is 10748279 composite?
True
Is 16278133 prime?
True
Is 7000517 prime?
True
Is 314345021 composite?
True
Is 5094517 a composite number?
True
Is 379079 a composite number?
True
Is 229481303 prime?
True
Is 21947173 composite?
False
Is 1280549 a prime number?
True
Is 18969647 a prime number?
True
Is 224989117 prime?
False
Is 7766833 prime?
False
Is 906809 prime?
True
Is 267286153 composite?
True
Is 5696567 a composite number?
True
Is 58753113 composite?
True
Is 293778727 composite?
True
Is 350178929 composite?
False
Is 47728081 composite?
False
Is 93514807 a composite number?
True
Is 1390069 composite?
False
Is 18656237 prime?
True
Is 8258899 a prime number?
False
Is 26047045 a composite number?
True
Is 291261599 prime?
True
Is 4887371 a prime number?
True
Is 562871 a composite number?
False
Is 129003781 composite?
False
Is 1550051 composite?
False
Is 316381 composite?
True
Is 1000435 composite?
True
Is 16641362 a composite number?
True
Is 56662817 prime?
True
Is 3662797 prime?
True
Is 976799757 prime?
False
Is 154753 a composite number?
False
Is 11795915 a prime number?
False
Is 1552451 composite?
False
Is 28961869 a composite number?
True
Is 4460179 a composite number?
True
Is 1980983 composite?
False
Is 3416989 a prime number?
False
Is 45243853 a composite number?
True
Is 5414437 composite?
True
Is 18771119 a composite number?
False
Is 134546261 a composite number?
False
Is 388811 composite?
True
Is 3369563 a composite number?
False
Is 89042803 a prime number?
False
Is 66005878 a composite number?
True
Is 5421683 a composite number?
True
Is 6936077 composite?
False
Is 5268581 prime?
False
Is 88305881 a prime number?
True
Is 13527077 a composite number?
False
Is 30037709 prime?
False
Is 16177027 composite?
True
Is 204609949 a composite number?
False
Is 267615749 a composite number?
False
Is 7487549 a composite number?
False
Is 37838153 prime?
False
Is 89213897 a composite number?
True
Is 149141347 a composite number?
True
Is 34485277 composite?
False
Is 11579371 prime?
True
Is 31457383 composite?
False
Is 74413673 prime?
True
Is 291287831 prime?
True
Is 479393 a composite number?
True
Is 14490703 a composite number?
False
Is 2833157 prime?
True
Is 6151507 a prime number?
True
Is 30677629 a prime number?
True
Is 78886978 a composite number?
True
Is 147384671 a composite number?
True
Is 48684395 prime?
False
Is 339466 composite?
True
Is 14810141 prime?
True
Is 29155669 a composite number?
True
Is 2112883 a prime number?
False
Is 353361 a prime number?
False
Is 1133921 a composite number?
True
Is 48039149 composite?
False
Is 46692883 composite?
True
Is 17654471 a composite number?
True
Is 4489877 prime?
False
Is 1817737 composite?
False
Is 58247957 composite?
False
Is 1578946 a prime number?
False
Is 2125897 prime?
False
Is 92334917 prime?
True
Is 460102349 a prime number?
False
Is 550262071 composite?
False
Is 264981127 a prime number?
True
Is 280606747 composite?
True
Is 2793927 a prime number?
False
Is 11396831 composite?
False
Is 314099 a prime number?
False
Is 10766053 composite?
False
Is 20133517 composite?
False
Is 5324741 prime?
True
Is 38106869 composite?
False
Is 4230563 a prime number?